{"id":1153,"date":"2013-08-15T12:49:43","date_gmt":"2013-08-15T10:49:43","guid":{"rendered":"http:\/\/familienzentrum-bezirk-affoltern.ch\/?page_id=1153"},"modified":"2013-08-15T12:49:43","modified_gmt":"2013-08-15T10:49:43","slug":"betrieb","status":"publish","type":"page","link":"https:\/\/recursing-nash.185-101-158-178.plesk.page\/index.php\/ueber-uns\/betrieb\/","title":{"rendered":"Betrieb"},"content":{"rendered":"<h2>\n\t\t\t\tB\u00fcro\t\t\t\t<\/h2>\n\t\t<p>Unser B\u00fcro befindet sich im 2. Stock<\/p>\n\t\t\t\t\t<ul>\n\t\t\t\t\t\t\t<li>\n\t\t\t\t\t\t\t\t\t\t\t<a href=\"tel:044%20760%2012%2077\">\n\t\t\t\t\t\t\t\t\t\t044 760 12 77\n\t\t\t\t\t\t\t\t\t\t\t<\/a>\n\t\t\t\t\t\t\t\t\t<\/li>\n\t\t\t\t\t\t<\/ul>\n\t\t\t\t\t<ul>\n\t\t\t\t\t\t\t<li>\n\t\t\t\t\t\t\t\t\t\t\t<a href=\"mailto:mail@familienzentrum-bezirk-affoltern.ch\">\n\t\t\t\t\t\t\t\t\t\tmail@familienzentrum-bezirk-affoltern.ch\n\t\t\t\t\t\t\t\t\t\t\t<\/a>\n\t\t\t\t\t\t\t\t\t<\/li>\n\t\t\t\t\t\t<\/ul>\n\t\t<p>Montag bis Freitag 09.00 \u2013 11.00 Uhr\u00a0<br \/>Mittwoch 09.00 \u2013 11.00 Uhr \/\u00a014.00 \u2013 17.00 Uhr<\/p>\n\t\t\t\tTable of Contents\n\t\t\t\t\t\t\t<h2>\n\t\t\t\tBetriebsleitung\t\t\t\t<\/h2>\n\t\t\t<h3>Betriebsleiterin, Michelle Furter<\/h3>\n\t\t\t\t\t<ul>\n\t\t\t\t\t\t\t<li>\n\t\t\t\t\t\t\t\t\t\t\t<a href=\"mailto:michelle.furter@familienzentrum-bezirk-affoltern.ch\">\n\t\t\t\t\t\t\t\t\t\tmichelle.furter@familienzentrum-bezirk-affoltern.ch\n\t\t\t\t\t\t\t\t\t\t\t<\/a>\n\t\t\t\t\t\t\t\t\t<\/li>\n\t\t\t\t\t\t<\/ul>\n\t\t\t\t\t<ul>\n\t\t\t\t\t\t\t<li>\n\t\t\t\t\t\t\t\t\t\t\t<a href=\"mailto:mail@familienzentrum-bezirk-affoltern.ch\">\n\t\t\t\t\t\t\t\t\t\tmail@familienzentrum-bezirk-affoltern.ch\n\t\t\t\t\t\t\t\t\t\t\t<\/a>\n\t\t\t\t\t\t\t\t\t<\/li>\n\t\t\t\t\t\t<\/ul>\n\t\t<p>Dienstag &amp; Mittwoch\u00a0&amp;\u00a0Donnerstag Vormittag, 09.00 \u2013 11.00 Uhr im Familienzentrum<br \/>Dienstag\u00a0&amp;\u00a0Mittwoch\u00a0&amp;\u00a0Donnerstag Nachmittag,\u00a0 14.00 \u2013 17.00 Uhr im Homeoffice<\/p>\n<h4>Bereiche:\u00a0<\/h4>\n<ul>\n<li>Gesamtleitung<\/li>\n<li>Fundraising<\/li>\n<li>Sponsoring<\/li>\n<li>Leistungsvertr\u00e4ge \/ Finanzierung<\/li>\n<li>Networking<\/li>\n<li>Koordination \u00d6ffentlichkeitsarbeit<\/li>\n<li>Personalmanagement<\/li>\n<li>Kostenkontrolle<\/li>\n<\/ul>\n\t\t\t\t\t\t\t\t\t\t\t\t\t\t\t\t<a href=\"https:\/\/familienzentrum-bezirk-affoltern.ch\/wp-content\/uploads\/2023\/02\/Portraitfotos-4.jpg\" data-elementor-open-lightbox=\"yes\" data-e-action-hash=\"#elementor-action%3Aaction%3Dlightbox%26settings%3DeyJpZCI6MjQzMDgsInVybCI6Imh0dHBzOlwvXC9mYW1pbGllbnplbnRydW0tYmV6aXJrLWFmZm9sdGVybi5jaFwvd3AtY29udGVudFwvdXBsb2Fkc1wvMjAyM1wvMDJcL1BvcnRyYWl0Zm90b3MtNC5qcGcifQ%3D%3D\">\n\t\t\t\t\t\t\t<img decoding=\"async\" width=\"150\" height=\"150\" src=\"https:\/\/familienzentrum-bezirk-affoltern.ch\/wp-content\/uploads\/2023\/02\/Portraitfotos-4-150x150.jpg\" alt=\"Portraitfotos 4\" \/>\t\t\t\t\t\t\t\t<\/a>\n\t\t\t\t\t<blockquote>\n\t\t\t<p>\n\t\t\t\tFreude am Job bringt Freude am Leben!\nIch liebe, was ich tue und tue, was ich liebe!\n\ud83d\ude42\nDer Kontakt zu so vielen Menschen in einem Multi-Kulti Betrieb fordert, f\u00f6rdert und bereichert mich im Alltag und ich darf mich in allen meinen Facetten entfalten.\t\t\t<\/p>\n\t\t\t\t\t\t\t\t\t\t\t<cite>Michelle<\/cite>\n\t\t\t\t\t<\/blockquote>\n\t\t\t\t\t\t\t<h2>\n\t\t\t\tSektionen\t\t\t\t<\/h2>\n\t\t\t<h3>Sektion Finanzen, Irene Huber<\/h3>\n\t\t\t\t\t<ul>\n\t\t\t\t\t\t\t<li>\n\t\t\t\t\t\t\t\t\t\t\t<a href=\"mailto:buha@familienzentrum-bezirk-affoltern.ch\">\n\t\t\t\t\t\t\t\t\t\tbuha@familienzentrum-bezirk-affoltern.ch\n\t\t\t\t\t\t\t\t\t\t\t<\/a>\n\t\t\t\t\t\t\t\t\t<\/li>\n\t\t\t\t\t\t<\/ul>\n\t\t\t\t\t\t\t\t\t\t\t\t\t\t\t\t<a href=\"https:\/\/familienzentrum-bezirk-affoltern.ch\/wp-content\/uploads\/2023\/12\/Profil-Bild-Web-Irene-Huber.jpg\" data-elementor-open-lightbox=\"yes\" data-elementor-lightbox-description=\"Irene Huber\" data-e-action-hash=\"#elementor-action%3Aaction%3Dlightbox%26settings%3DeyJpZCI6MjczODcsInVybCI6Imh0dHBzOlwvXC9mYW1pbGllbnplbnRydW0tYmV6aXJrLWFmZm9sdGVybi5jaFwvd3AtY29udGVudFwvdXBsb2Fkc1wvMjAyM1wvMTJcL1Byb2ZpbC1CaWxkLVdlYi1JcmVuZS1IdWJlci5qcGcifQ%3D%3D\">\n\t\t\t\t\t\t\t<img decoding=\"async\" src=\"https:\/\/familienzentrum-bezirk-affoltern.ch\/wp-content\/uploads\/elementor\/thumbs\/Profil-Bild-Web-Irene-Huber-qgqomwt71q1xf6hsmli8b6rgmyr4eybky9k7hk5j7s.jpg\" title=\"Profil Bild Web Irene Huber\" alt=\"Profil Bild Web Irene Huber\" loading=\"lazy\" \/>\t\t\t\t\t\t\t\t<\/a>\n\t\t\t<h3>Sektion Service, Annapaula Kuster<\/h3>\n\t\t\t\t\t<ul>\n\t\t\t\t\t\t\t<li>\n\t\t\t\t\t\t\t\t\t\t\t<a href=\"http:\/\/service@familienzentrum-bezirk-affoltern.ch\">\n\t\t\t\t\t\t\t\t\t\tservice@familienzentrum-bezirk-affoltern.ch\n\t\t\t\t\t\t\t\t\t\t\t<\/a>\n\t\t\t\t\t\t\t\t\t<\/li>\n\t\t\t\t\t\t<\/ul>\n\t\t<p>Dienstag und Mittwoch, 09.00 \u2013 11.00 Uhr im Familienzentrum, Donnerstag 09.00 \u2013&nbsp;11.00 Homeoffice<\/p>\n<h4>Bereiche:&nbsp;<\/h4>\n<ul>\n<li>Kafi Lollipop<\/li>\n<li>Mittagessen<\/li>\n<li>Anl\u00e4sse<\/li>\n<li>Catering<\/li>\n<li>Sprachenkafis<\/li>\n<li>Statistiken<\/li>\n<\/ul>\n\t\t\t\t\t\t\t\t\t\t\t\t\t\t\t\t<a href=\"https:\/\/familienzentrum-bezirk-affoltern.ch\/wp-content\/uploads\/2022\/11\/Annapaula-Kuster1-1.jpg\" data-elementor-open-lightbox=\"yes\" data-elementor-lightbox-description=\"Annapaula Kuster, Sektion Service Familienzentrum Bezirk Affoltern \" data-e-action-hash=\"#elementor-action%3Aaction%3Dlightbox%26settings%3DeyJpZCI6MjI5NDIsInVybCI6Imh0dHBzOlwvXC9mYW1pbGllbnplbnRydW0tYmV6aXJrLWFmZm9sdGVybi5jaFwvd3AtY29udGVudFwvdXBsb2Fkc1wvMjAyMlwvMTFcL0FubmFwYXVsYS1LdXN0ZXIxLTEuanBnIn0%3D\">\n\t\t\t\t\t\t\t<img decoding=\"async\" src=\"https:\/\/familienzentrum-bezirk-affoltern.ch\/wp-content\/uploads\/elementor\/thumbs\/Annapaula-Kuster1-1-pxr380bm3ahaiqz79t68cnh0lhavkip2vs38eamxy4.jpg\" title=\"Annapaula Kuster\" alt=\"Annapaula Kuster, Sektion Service\" loading=\"lazy\" \/>\t\t\t\t\t\t\t\t<\/a>\n\t\t\t\t\t<blockquote>\n\t\t\t<p>\n\t\t\t\tIch liebe meine Arbeit, weil ich Freude bereiten kann, mein Wirken eine Wirkung hat\nund ich dabei viele neue Seiten an mir entdecke!\t\t\t<\/p>\n\t\t\t\t\t\t\t\t\t\t\t<cite>Annapaula<\/cite>\n\t\t\t\t\t<\/blockquote>\n\t\t\t<h3>Sektion Betreuung, Monika Osei<\/h3>\n\t\t\t\t\t<ul>\n\t\t\t\t\t\t\t<li>\n\t\t\t\t\t\t\t\t\t\t\t<a href=\"http:\/\/betreuung@familienzentrum-bezirk-affoltern.ch\">\n\t\t\t\t\t\t\t\t\t\tbetreuung@familienzentrum-bezirk-affoltern.ch\n\t\t\t\t\t\t\t\t\t\t\t<\/a>\n\t\t\t\t\t\t\t\t\t<\/li>\n\t\t\t\t\t\t<\/ul>\n\t\t<p>Mittwoch, 09.00 \u2013 11.00 Uhr und 14.00 \u2013 17.00 Uhr<\/p>\n<h4>Bereiche:\u00a0<\/h4>\n<ul>\n<li>Kinderh\u00fceti (inkl. Abend- &amp; Ferienbetreuung)<\/li>\n<li>Spielgruppe<\/li>\n<li>Gruppentreffs<\/li>\n<li>Statistiken<\/li>\n<li>Raumvermietung<\/li>\n<li>Hausverwaltung<\/li>\n<\/ul>\n\t\t\t\t\t\t\t\t\t\t\t\t\t\t\t\t<a href=\"https:\/\/familienzentrum-bezirk-affoltern.ch\/wp-content\/uploads\/2023\/02\/Monika_Osei_SL_Leitung_Betreuung.jpg\">\n\t\t\t\t\t\t\t<img decoding=\"async\" width=\"150\" height=\"150\" src=\"https:\/\/familienzentrum-bezirk-affoltern.ch\/wp-content\/uploads\/2023\/02\/Monika_Osei_SL_Leitung_Betreuung-150x150.jpg\" alt=\"Monika Osei, Familienzentrum Bezirk Affoltern\" \/>\t\t\t\t\t\t\t\t<\/a>\n\t\t\t\t\t<blockquote>\n\t\t\t<p>\n\t\t\t\tKinder auf Ihrem Weg begleiten zu d\u00fcrfen, ist ein Abenteuer, das ich sehr gerne erlebe.\nWie Henri Matisse sagte: &#8222;Man darf nicht verlernen, die Welt mit den Augen eines Kindes zu sehen.&#8220;\t\t\t<\/p>\n\t\t\t\t\t\t\t\t\t\t\t<cite>Monika<\/cite>\n\t\t\t\t\t<\/blockquote>\n\t\t\t\t\t\t\t<h2>\n\t\t\t\tLeitbild\t\t\t\t<\/h2>\n\t\t<h3>Zweck<\/h3>\n<p>Das Familienzentrum Bezirk Affoltern ist der Familienbegegnungsort im Bezirk. Bei uns treffen\u00a0sich Familien, Eltern und Erziehende und Kinder\u00a0aller sozialen und kulturellen Schichten aus dem Bezirk Affoltern und Interessiert aus weiteren Gemeinden. Hier begegnen sich Erwachsene wie Kinder, finden Gleichgesinnte und k\u00f6nnen sich austauschen. Diese neuen Kontakte und Begegnungen helfen Eltern und Kindern in ihrer pers\u00f6nlichen und famili\u00e4ren Entwicklung. Unsere R\u00e4ume sind besonders f\u00fcr Kinder eingerichtet. Sozialer Kontakt ist bereits f\u00fcr Babys essenziell &#8211; im Familienzentrum finden die Kinder\u00a0erste Gsp\u00e4ndli und spielen drinnen in kindgerechten R\u00e4umen oder draussen auf dem umz\u00e4unten Spielplatz.<\/p>\n<h3>Organisation<\/h3>\n<p>Tr\u00e4gerschaft ist der politisch und konfessionell neutrale gemeinn\u00fctzige Verein Familienzentrum Affoltern am Albis. Die strategische F\u00fchrung obliegt dem Vorstand, die operative der Betriebsleitung. Die finanziellen Mittel erwirtschaftet sich das Familienzentrum Bezirk Affoltern selbst\u00e4ndig und durch Beitr\u00e4ge der Gemeinden und des Kantons. In einer Leistungsvereinbarung sind die Beziehungen mit den Gemeinden und dem Kanton als Leistungseink\u00e4ufer und dem Familienzentrum als Leistungsanbieter geregelt.<\/p>\n<h3>Zusammenarbeit<\/h3>\n<p>Das Familienzentrum ist lokal vernetzt mit Verb\u00e4nden und Vereinen \u00e4hnlicher Zielsetzung und tr\u00e4gt damit zu einem gemeinschaftlichen Leben im Bezirk bei. Durch regelm\u00e4ssige Anl\u00e4sse tritt das Familienzentrum mit seinen Angeboten an die \u00d6ffentlichkeit. Im Familienzentrum werden grosse und kleine BesucherInnen freundlich, offen und respektvoll willkommen geheissen. Die Anliegen der BenutzerInnen werden ernst genommen.<\/p>\n<h3>Motivation<\/h3>\n<p>Alle MitarbeiterInnen haben ein Mitspracherecht. Das Arbeitsklima ist gepr\u00e4gt durch gegenseitigen Respekt, Offenheit, Toleranz und Solidarit\u00e4t. Festgelegte Arbeitsabl\u00e4ufe und ein regelm\u00e4ssiger Informationsaustausch sorgen daf\u00fcr, dass die Zusammenarbeit in den Angeboten und im ganzen Familienzentrum-Team optimal funktioniert. Gesellige Anl\u00e4sse runden die Zusammenarbeit ab und f\u00f6rdern die Motivation und Freude an der Arbeit.<\/p>\n<h3>Qualit\u00e4t<\/h3>\n<p>Das Familienzentrum bietet qualitativ hoch stehende Angebote an. Diese Qualit\u00e4t wird durch laufende \u00dcberpr\u00fcfung gesichert und verbessert. Die Angebote werden kontinuierlich den ver\u00e4nderten Bed\u00fcrfnissen angepasst. Indem das Familienzentrum nach innen sowie aussen transparent kommuniziert, garantiert es einen reibungslosen Betrieb und gibt einen Einblick in seine T\u00e4tigkeiten.<\/p>\n<p>\u00dcberarbeitet: der Vorstand Dezember 2013<\/p>\n\t\t\t\t\t\t\t<h2>\n\t\t\t\tFinanzierung\t\t\t\t<\/h2>\n\t\t<p>Das Familienzentrum Bezirk Affoltern wird unterst\u00fctzt von der Stadt Affoltern und den Bezirksgemeinden <a href=\"http:\/\/www.affoltern-am-albis.ch\/\" target=\"_blank\" rel=\"noreferrer noopener\">Affoltern am Albis<\/a>, <a href=\"http:\/\/www.aeugst-albis.ch\/\" target=\"_blank\" rel=\"noreferrer noopener\">Aeugst am Albis<\/a>, <a href=\"http:\/\/www.bonstetten.ch\" target=\"_blank\" rel=\"noreferrer noopener\">Bonstetten<\/a>, <a href=\"http:\/\/www.hausen.ch\/\" target=\"_blank\" rel=\"noreferrer noopener\">Hausen am Albis<\/a>, <a href=\"http:\/\/www.knonau.ch\" target=\"_blank\" rel=\"noreferrer noopener\">Knonau<\/a>, <a href=\"http:\/\/www.maschwanden.ch\" target=\"_blank\" rel=\"noreferrer noopener\">Maschwanden<\/a>, <a href=\"http:\/\/www.mettmenstetten.ch\/\" target=\"_blank\" rel=\"noreferrer noopener\">Mettmenstetten<\/a>, <a href=\"http:\/\/www.obfelden.ch\/\" target=\"_blank\" rel=\"noreferrer noopener\">Obfelden<\/a>, <a href=\"http:\/\/www.ottenbach.ch\/\" target=\"_blank\" rel=\"noreferrer noopener\">Ottenbach<\/a>, <a href=\"http:\/\/www.stallikon.ch\/\" target=\"_blank\" rel=\"noreferrer noopener\">Stallikon<\/a>, <a href=\"http:\/\/www.wettswil.ch\/\" target=\"_blank\" rel=\"noreferrer noopener\">Wettswil am Albis<\/a>.<\/p>\n<p>Zus\u00e4tzlich finanziert das Familienzentrum Bezirk Affoltern seinen Betrieb mit folgenden Mitteln:<\/p>\n<p><!-- \/wp:post-content --><!-- wp:list --><\/p>\n<ul>\n<li>Gr\u00fctli Stiftung<\/li>\n<li>Swiss Re Foundation<\/li>\n<li>Angebotspaten<\/li>\n<li>Betriebseinnahmen<\/li>\n<li>Gratisstunden<\/li>\n<li>Mitgliederbeitr\u00e4gen<\/li>\n<li><a href=\"https:\/\/familienzentrum-bezirk-affoltern.ch\/unsere-freunde\/\">Spenden<\/a><\/li>\n<\/ul>\n<p><!-- \/wp:list --><!-- wp:paragraph --><\/p>\n<h3>Leistungsvereinbarung<\/h3>\n<p>Seit dem 1. Januar 2020 ist das Familienzentrum nun &#8211; nach mehr als 15 Jahren &#8211; ohne die direkte finanzielle Unterst\u00fctzung durch den Kanton Z\u00fcrich unterwegs. Die 2019 durch den Kanton erstmals ausbezahlten Subventionsbeitr\u00e4ge an Gemeinden, die anerkannte Familienzentren finanziell unterst\u00fctzen, werden wir die entstandene L\u00fccke kurzfristig nicht schliessen k\u00f6nnen. Nach Jahren ausgeglichener Abschl\u00fcsse rechnen wir f\u00fcr die nahe Zukunft deshalb mit Verlusten, f\u00fcr die wir auf die aufgebauten Reserven zur\u00fcckgreifen werden.<\/p>\n\t\t\t\t\t\t\t<h2>\n\t\t\t\tOrganisationsstruktur \/ Organigramm\t\t\t\t<\/h2>\n\t\t\t\t\t<ul>\n\t\t\t\t\t\t\t<li>\n\t\t\t\t\t\t\t\t\t\t\t<a href=\"https:\/\/familienzentrum-bezirk-affoltern.ch\/wp-content\/uploads\/2023\/02\/Organigramm_Familienzentrum_2023.pdf\" target=\"_blank\" rel=\"noopener\">\n\t\t\t\t\t\t\t\t\t\tOrganigramm Familienzentrum. Letzte \u00c4nderung: 23. Juni 2023\n\t\t\t\t\t\t\t\t\t\t\t<\/a>\n\t\t\t\t\t\t\t\t\t<\/li>\n\t\t\t\t\t\t<\/ul>\n\t\t<h3>Verein<\/h3>\n<p><em>Gr\u00fcndung: <\/em>3. Oktober 1996<br \/><em>Vorstand:<\/em> Zwei Frauen und ein Mann im Ehrenamt<br \/><em>Mitgliederbeitr\u00e4ge:<\/em><br \/>Familien CHF 70.00<br \/>Alleinerziehende CHF 50.00<br \/>Einzelperson CHF 50.00<br \/>G\u00f6nnerInnen CHF 60.00<\/p>\n<p><!-- \/wp:paragraph --><\/p>\n<p><!-- wp:paragraph --><\/p>\n<p><em>Gratisstunden 2022:\u00a0<\/em>3800<\/p>\n<p><!-- \/wp:paragraph --><\/p>\n<p><!-- wp:paragraph --><\/p>\n<p>16. November 1996: Betrieb M\u00fctterzentrum<br \/>Ab M\u00e4rz 2003: im Bezirks Familienzentrum Affoltern a. A. <br \/>1. Januar 2014: Namenswechsel: von <em>M\u00fctterzentrum Affoltern am Albis<\/em> zu <em>Familienzentrum Bezirk Affoltern<\/em><\/p>\n<p><!-- \/wp:paragraph --><\/p>\n<p><!-- wp:paragraph --><\/p>\n<h3>Betrieb<\/h3>\n<p>Buchhaltung: 30%<br \/>Betriebsleitung: 80%<br \/>Sektor Betreuung: 30%<br \/>Sektor Service: 30%<\/p>\n<p>Betriebsrat: 2-monatliche Sitzungen mit Betriebsleitung und HauptangebotsleiterInnen<\/p>\n<p><!-- \/wp:paragraph --><\/p>\n<p><!-- wp:paragraph --><\/p>\n<p><em>MitarbeiterInnen Foren<\/em>: Weiterbildungen, Mitgliederversammlung,\u00a0MitarbeiterInnen-Essen<\/p>\n<p><!-- \/wp:paragraph --><\/p>\n<p><!-- wp:paragraph --><\/p>\n<p><!-- \/wp:paragraph --><\/p>\n<p><!-- wp:paragraph --><\/p>\n<h3>Angebote<\/h3>\n<p><a href=\"https:\/\/familienzentrum-bezirk-affoltern.ch\/angebote\/kafi-lollipop\/\">Kafi Lollipop<\/a>, <a href=\"https:\/\/familienzentrum-bezirk-affoltern.ch\/angebote\/spiel-spasshueeti\/\">Kinderh\u00fceti<\/a>, <a href=\"https:\/\/familienzentrum-bezirk-affoltern.ch\/veranstaltungen\/\">Kurse &amp; Anl\u00e4sse<\/a>, <a href=\"https:\/\/familienzentrum-bezirk-affoltern.ch\/angebote\/spielgruppe-viva\/\">Spielgruppe VIVA<\/a>,\u00a0<a style=\"font-size: 16px;\" href=\"https:\/\/familienzentrum-bezirk-affoltern.ch\/angebote\/mittagessen-im-familienzentrum\/\">Mittagessen<\/a>, <a style=\"font-size: 16px;\" href=\"https:\/\/familienzentrum-bezirk-affoltern.ch\/angebote\/knirpsentreff\/\">Knirpsentreff<\/a>, <a style=\"font-size: 16px;\" href=\"https:\/\/familienzentrum-bezirk-affoltern.ch\/angebote\/raumvermietung\/\">Raumvermietung<\/a>, <a style=\"font-size: 16px;\" href=\"https:\/\/familienzentrum-bezirk-affoltern.ch\/angebote\/spanisches-sprachenkafi\/\" data-type=\"page\" data-id=\"6993\">Spanisches Sprachenkafi<\/a>,\u00a0<a href=\"https:\/\/familienzentrum-bezirk-affoltern.ch\/angebote\/spiel-spasshueeti\/\" target=\"_blank\" rel=\"noopener\">offenes Spielzimmer<\/a>; und das Angebot des jkz Bezirk Affoltern: <a style=\"font-size: 16px;\" href=\"https:\/\/familienzentrum-bezirk-affoltern.ch\/angebote\/muetter-und-vaeterberatung-bezirk-affoltern\/\" data-type=\"page\" data-id=\"7468\">M\u00fctter- &amp; V\u00e4terberatung<\/a><\/p>\n<p><!-- \/wp:paragraph --><\/p>\n<p><!-- wp:paragraph --><\/p>\n<h3>Finanzen<\/h3>\n<p><strong><em>Budget 2023 in CHF:<\/em><\/strong><\/p>\n<p>Betriebsaufwand: <strong>105&#8217;062.20<br \/><\/strong>Betriebsertrag: <strong>324&#8217;615.00<\/strong><br \/>Mitgliederbeitr\u00e4ge: <strong>16&#8217;000.00<\/strong><br \/>Spenden: <strong>79&#8217;480.00<\/strong><br \/>Subventionen: <strong>65&#8217;000.00<\/strong><\/p>\n<p><strong><em>Abschluss 2022 in CHF:<\/em><\/strong><\/p>\n<p>Betriebsaufwand: <strong>90&#8217;358.12<\/strong><br \/>Betriebsertrag: <strong>307&#8217;604.91<br \/><\/strong>Mitgliederbeitr\u00e4ge: <strong>14&#8217;760.00<\/strong><br \/>Spenden: <strong>23&#8217;703.16<br \/><\/strong>Subventionen: <strong>65&#8217;107.70<\/strong><br \/>Stadt Affoltern am Albis: <strong>18&#8217;408.60<\/strong><br \/>Bezirksgemeinden: <strong>46&#8217;699.10<\/strong><\/p>\n<p>MitarbeiterInnen<\/p>\n<p>ca. 30<br \/>Verschiedene Lohnstufen, abh\u00e4ngig von Ausbildung und Berufserfahrung.<\/p>\n<p><!-- \/wp:paragraph --><\/p>\n<p><!-- wp:paragraph --><\/p>\n<h3>Vernetzung<\/h3>\n<p>Stadt Affoltern am Albis<br \/>Gemeinden des Bezirks Affoltern<br \/>Amt f\u00fcr Jugend und Berufsberatung Kanton Z\u00fcrich Region S\u00fcd<br \/>Elternbildung<br \/>Kleinkinderberatung (Erziehungs- und M\u00fctterberatung)<br \/>Suchtpr\u00e4ventionsstelle<br \/>Familienclub Affoltern<br \/>Verein Bauspielplatz<br \/>Kirchen<br \/>Schulen<br \/>Jugendarbeit Affoltern am Albis<br \/>Diverse Kleinbetriebe und Institutionen des Bezirks Affoltern<\/p>\n<p><!-- \/wp:paragraph --><\/p>\n<p><!-- wp:paragraph --><\/p>\n<p><strong>\u00d6ffentliche Anl\u00e4sse<\/strong><\/p>\n<p>(unentgeltliche Eins\u00e4tze)<\/p>\n<p><!-- \/wp:paragraph --><\/p>\n<p><!-- wp:list --><\/p>\n<ul id=\"block-2d7a333d-6b23-4bcf-b7b4-281b09b1f854\">\n<li>Kasperli<\/li>\n<li>Samichlaus<\/li>\n<li>Osterhase Anlass<\/li>\n<li>Tag des Kindes<\/li>\n<li>Flohm\u00e4rkte<\/li>\n<li>Kino-Anlass<\/li>\n<li>Brunch<\/li>\n<li>Werbe- und Saisonale Anl\u00e4sse<\/li>\n<\/ul>\n\t\t\t<a href=\"#pagetop\">\n\t\t\t\t\t\t<\/a>","protected":false},"excerpt":{"rendered":"<p>B\u00fcro Unser B\u00fcro befindet sich im 2. Stock 044 760 12 77 mail@familienzentrum-bezirk-affoltern.ch Montag bis Freitag 09.00 \u2013 11.00 Uhr\u00a0Mittwoch 09.00 \u2013 11.00 Uhr \/\u00a014.00 \u2013 17.00 Uhr Table of Contents Betriebsleitung Betriebsleiterin, Michelle Furter michelle.furter@familienzentrum-bezirk-affoltern.ch mail@familienzentrum-bezirk-affoltern.ch Dienstag &amp; Mittwoch\u00a0&amp;\u00a0Donnerstag Vormittag, 09.00 \u2013 11.00 Uhr im FamilienzentrumDienstag\u00a0&amp;\u00a0Mittwoch\u00a0&amp;\u00a0Donnerstag Nachmittag,\u00a0 14.00 \u2013 17.00 Uhr im Homeoffice Bereiche:\u00a0 [&hellip;]<\/p>\n","protected":false},"author":1,"featured_media":0,"parent":33,"menu_order":44,"comment_status":"closed","ping_status":"closed","template":"","meta":{"footnotes":""},"class_list":["post-1153","page","type-page","status-publish","hentry"],"_links":{"self":[{"href":"https:\/\/recursing-nash.185-101-158-178.plesk.page\/index.php\/wp-json\/wp\/v2\/pages\/1153","targetHints":{"allow":["GET"]}}],"collection":[{"href":"https:\/\/recursing-nash.185-101-158-178.plesk.page\/index.php\/wp-json\/wp\/v2\/pages"}],"about":[{"href":"https:\/\/recursing-nash.185-101-158-178.plesk.page\/index.php\/wp-json\/wp\/v2\/types\/page"}],"author":[{"embeddable":true,"href":"https:\/\/recursing-nash.185-101-158-178.plesk.page\/index.php\/wp-json\/wp\/v2\/users\/1"}],"replies":[{"embeddable":true,"href":"https:\/\/recursing-nash.185-101-158-178.plesk.page\/index.php\/wp-json\/wp\/v2\/comments?post=1153"}],"version-history":[{"count":0,"href":"https:\/\/recursing-nash.185-101-158-178.plesk.page\/index.php\/wp-json\/wp\/v2\/pages\/1153\/revisions"}],"up":[{"embeddable":true,"href":"https:\/\/recursing-nash.185-101-158-178.plesk.page\/index.php\/wp-json\/wp\/v2\/pages\/33"}],"wp:attachment":[{"href":"https:\/\/recursing-nash.185-101-158-178.plesk.page\/index.php\/wp-json\/wp\/v2\/media?parent=1153"}],"curies":[{"name":"wp","href":"https:\/\/api.w.org\/{rel}","templated":true}]}}