{"id":21,"date":"2012-11-06T16:22:44","date_gmt":"2012-11-06T15:22:44","guid":{"rendered":"http:\/\/familienzentrum-bezirk-affoltern.ch\/?page_id=21"},"modified":"2012-11-06T16:22:44","modified_gmt":"2012-11-06T15:22:44","slug":"angebote","status":"publish","type":"page","link":"https:\/\/recursing-nash.185-101-158-178.plesk.page\/index.php\/angebote\/","title":{"rendered":"Angebote des Familienzentrum Bezirk Affoltern"},"content":{"rendered":"\t\t<div data-elementor-type=\"wp-page\" data-elementor-id=\"21\" class=\"elementor elementor-21\">\n\t\t\t\t\t\t<section class=\"elementor-section elementor-top-section elementor-element elementor-element-147ff6f8 elementor-section-boxed elementor-section-height-default elementor-section-height-default\" data-id=\"147ff6f8\" data-element_type=\"section\">\n\t\t\t\t\t\t<div class=\"elementor-container elementor-column-gap-no\">\n\t\t\t\t\t<div class=\"elementor-column elementor-col-100 elementor-top-column elementor-element elementor-element-59076dca\" data-id=\"59076dca\" data-element_type=\"column\">\n\t\t\t<div class=\"elementor-widget-wrap elementor-element-populated\">\n\t\t\t\t\t\t<div class=\"elementor-element elementor-element-9173c30 elementor-widget elementor-widget-spacer\" data-id=\"9173c30\" data-element_type=\"widget\" data-widget_type=\"spacer.default\">\n\t\t\t\t<div class=\"elementor-widget-container\">\n\t\t\t\t\t<div class=\"elementor-spacer\">\n\t\t\t<div class=\"elementor-spacer-inner\"><\/div>\n\t\t<\/div>\n\t\t\t\t<\/div>\n\t\t\t\t<\/div>\n\t\t\t\t<div class=\"elementor-element elementor-element-6872baa elementor-widget elementor-widget-posts\" data-id=\"6872baa\" data-element_type=\"widget\" data-widget_type=\"posts.default\">\n\t\t\t\t<div class=\"elementor-widget-container\">\n\t\t\t \t\t<\/div>\n\t\t\t\t<\/div>\n\t\t\t\t<div class=\"elementor-element elementor-element-61b8f63 elementor-widget elementor-widget-spacer\" data-id=\"61b8f63\" data-element_type=\"widget\" data-widget_type=\"spacer.default\">\n\t\t\t\t<div class=\"elementor-widget-container\">\n\t\t\t\t\t<div class=\"elementor-spacer\">\n\t\t\t<div class=\"elementor-spacer-inner\"><\/div>\n\t\t<\/div>\n\t\t\t\t<\/div>\n\t\t\t\t<\/div>\n\t\t\t\t<div class=\"elementor-element elementor-element-171865b elementor-widget elementor-widget-posts\" data-id=\"171865b\" data-element_type=\"widget\" data-widget_type=\"posts.default\">\n\t\t\t\t<div class=\"elementor-widget-container\">\n\t\t\t \t\t<\/div>\n\t\t\t\t<\/div>\n\t\t\t\t<div class=\"elementor-element elementor-element-f358e5f elementor-widget elementor-widget-spacer\" data-id=\"f358e5f\" data-element_type=\"widget\" data-widget_type=\"spacer.default\">\n\t\t\t\t<div class=\"elementor-widget-container\">\n\t\t\t\t\t<div class=\"elementor-spacer\">\n\t\t\t<div class=\"elementor-spacer-inner\"><\/div>\n\t\t<\/div>\n\t\t\t\t<\/div>\n\t\t\t\t<\/div>\n\t\t\t\t<div class=\"elementor-element elementor-element-7db3441c elementor-widget elementor-widget-text-editor\" data-id=\"7db3441c\" data-element_type=\"widget\" data-widget_type=\"text-editor.default\">\n\t\t\t\t<div class=\"elementor-widget-container\">\n\t\t\t\t\t\t\t<p>Das Familienzentrum Bezirk Affoltern bietet eine Vielzahl\u00a0an Angeboten, die auf die Bed\u00fcrfnisse junger Familien mit (nicht nur) Kleinkindern zugeschnitten sind.\u00a0Wir bieten sowohl Spielm\u00f6glichkeiten f\u00fcr Kinder in verschiedenen Altersgruppen, wie auch Informations- und Bildungsm\u00f6glichkeiten f\u00fcr Eltern an. Grunds\u00e4tzlich sind die Angebote w\u00e4hrend den Schulferien in Affoltern geschlossen, Ausnahmen werden auf der Homepage <a href=\"http:\/\/www.familienzentrum-bezirk-affoltern.ch\">www.familienzentrum-bezirk-affoltern.ch<\/a> publiziert.<\/p>\t\t\t\t\t\t<\/div>\n\t\t\t\t<\/div>\n\t\t\t\t\t<\/div>\n\t\t<\/div>\n\t\t\t\t\t<\/div>\n\t\t<\/section>\n\t\t\t\t<\/div>\n\t\t","protected":false},"excerpt":{"rendered":"<p>Das Familienzentrum Bezirk Affoltern bietet eine Vielzahl\u00a0an Angeboten, die auf die Bed\u00fcrfnisse junger Familien mit (nicht nur) Kleinkindern zugeschnitten sind.\u00a0Wir bieten sowohl Spielm\u00f6glichkeiten f\u00fcr Kinder in verschiedenen Altersgruppen, wie auch Informations- und Bildungsm\u00f6glichkeiten f\u00fcr Eltern an. Grunds\u00e4tzlich sind die Angebote w\u00e4hrend den Schulferien in Affoltern geschlossen, Ausnahmen werden auf der Homepage www.familienzentrum-bezirk-affoltern.ch publiziert.<\/p>\n","protected":false},"author":1,"featured_media":22909,"parent":0,"menu_order":15,"comment_status":"closed","ping_status":"closed","template":"","meta":{"footnotes":""},"class_list":["post-21","page","type-page","status-publish","has-post-thumbnail","hentry"],"_links":{"self":[{"href":"https:\/\/recursing-nash.185-101-158-178.plesk.page\/index.php\/wp-json\/wp\/v2\/pages\/21","targetHints":{"allow":["GET"]}}],"collection":[{"href":"https:\/\/recursing-nash.185-101-158-178.plesk.page\/index.php\/wp-json\/wp\/v2\/pages"}],"about":[{"href":"https:\/\/recursing-nash.185-101-158-178.plesk.page\/index.php\/wp-json\/wp\/v2\/types\/page"}],"author":[{"embeddable":true,"href":"https:\/\/recursing-nash.185-101-158-178.plesk.page\/index.php\/wp-json\/wp\/v2\/users\/1"}],"replies":[{"embeddable":true,"href":"https:\/\/recursing-nash.185-101-158-178.plesk.page\/index.php\/wp-json\/wp\/v2\/comments?post=21"}],"version-history":[{"count":0,"href":"https:\/\/recursing-nash.185-101-158-178.plesk.page\/index.php\/wp-json\/wp\/v2\/pages\/21\/revisions"}],"wp:featuredmedia":[{"embeddable":true,"href":"https:\/\/recursing-nash.185-101-158-178.plesk.page\/index.php\/wp-json\/wp\/v2\/media\/22909"}],"wp:attachment":[{"href":"https:\/\/recursing-nash.185-101-158-178.plesk.page\/index.php\/wp-json\/wp\/v2\/media?parent=21"}],"curies":[{"name":"wp","href":"https:\/\/api.w.org\/{rel}","templated":true}]}}