{"id":25178,"date":"2023-05-04T12:17:20","date_gmt":"2023-05-04T10:17:20","guid":{"rendered":"https:\/\/familienzentrum-bezirk-affoltern.ch\/?page_id=25178"},"modified":"2023-05-04T12:17:20","modified_gmt":"2023-05-04T10:17:20","slug":"gartenspielgruppe","status":"publish","type":"page","link":"https:\/\/recursing-nash.185-101-158-178.plesk.page\/index.php\/angebote\/gartenspielgruppe\/","title":{"rendered":"Gartenspielgruppe"},"content":{"rendered":"\t\t<div data-elementor-type=\"wp-page\" data-elementor-id=\"25178\" class=\"elementor elementor-25178\">\n\t\t\t\t\t\t<section class=\"elementor-section elementor-top-section elementor-element elementor-element-4c010f85 elementor-section-boxed elementor-section-height-default elementor-section-height-default\" data-id=\"4c010f85\" data-element_type=\"section\">\n\t\t\t\t\t\t<div class=\"elementor-container elementor-column-gap-default\">\n\t\t\t\t\t<div class=\"elementor-column elementor-col-66 elementor-top-column elementor-element elementor-element-43785e30\" data-id=\"43785e30\" data-element_type=\"column\">\n\t\t\t<div class=\"elementor-widget-wrap elementor-element-populated\">\n\t\t\t\t\t\t<div class=\"elementor-element elementor-element-4312411b elementor-widget elementor-widget-text-editor\" data-id=\"4312411b\" data-element_type=\"widget\" data-widget_type=\"text-editor.default\">\n\t\t\t\t<div class=\"elementor-widget-container\">\n\t\t\t\t\t\t\t<p>In der <strong>Gartenspielgruppe <span style=\"color: #afc32c;\">V<\/span><span style=\"color: #c10075;\">I<\/span><span style=\"color: #afc32c;\">V<\/span><\/strong><span style=\"color: #d3781d;\"><span style=\"font-weight: 600;\"><strong>A<\/strong> <\/span><\/span>verbringen die Kinder ab 2 1\u20442 Jahren den ganzen Morgen draussen in unserem Garten und lernen im spielerischen Rahmen zu s\u00e4en, zu ernten und den Umgang mit Gartenger\u00e4ten. Zus\u00e4tzlich gestalten die Kinder viele wundervolle Sachen aus Naturmaterialien. Beim Feuer wird gemeinsam gekocht und gebraut.<\/p>\t\t\t\t\t\t<\/div>\n\t\t\t\t<\/div>\n\t\t\t\t<div class=\"elementor-element elementor-element-4c3dbfdd elementor-widget elementor-widget-shortcode\" data-id=\"4c3dbfdd\" data-element_type=\"widget\" data-widget_type=\"shortcode.default\">\n\t\t\t\t<div class=\"elementor-widget-container\">\n\t\t\t\t\t<div class=\"elementor-shortcode\">[smartslider3 slider=\"14\"]<\/div>\n\t\t\t\t<\/div>\n\t\t\t\t<\/div>\n\t\t\t\t<div class=\"elementor-element elementor-element-56e844e0 elementor-widget elementor-widget-spacer\" data-id=\"56e844e0\" data-element_type=\"widget\" data-widget_type=\"spacer.default\">\n\t\t\t\t<div class=\"elementor-widget-container\">\n\t\t\t\t\t<div class=\"elementor-spacer\">\n\t\t\t<div class=\"elementor-spacer-inner\"><\/div>\n\t\t<\/div>\n\t\t\t\t<\/div>\n\t\t\t\t<\/div>\n\t\t\t\t<div class=\"elementor-element elementor-element-6931b1e8 elementor-widget elementor-widget-text-editor\" data-id=\"6931b1e8\" data-element_type=\"widget\" data-widget_type=\"text-editor.default\">\n\t\t\t\t<div class=\"elementor-widget-container\">\n\t\t\t\t\t\t\t<p>Die Kinder lernen ihren Platz in einer Gruppe zu finden und mit Gleichaltrigen zu spielen, basteln, toben, streiten, lachen und singen.<\/p><p>Dabei werden sie liebevoll von unseren erfahrenen Spielgruppenleiterinnen unterst\u00fctzt und begleitet.\u00a0<\/p><p>Alle Leiterinnen verf\u00fcgen \u00fcber eine abgeschlossene und anerkannte Spielgruppen-Ausbildung und konnten schon Erfahrung in Arbeit mit Kleinkindern sammeln.<\/p>\t\t\t\t\t\t<\/div>\n\t\t\t\t<\/div>\n\t\t\t\t\t<\/div>\n\t\t<\/div>\n\t\t\t\t<div class=\"elementor-column elementor-col-33 elementor-top-column elementor-element elementor-element-3b33b759\" data-id=\"3b33b759\" data-element_type=\"column\" data-settings=\"{&quot;background_background&quot;:&quot;classic&quot;}\">\n\t\t\t<div class=\"elementor-widget-wrap elementor-element-populated\">\n\t\t\t\t\t\t<div class=\"elementor-element elementor-element-768add26 elementor-widget elementor-widget-text-editor\" data-id=\"768add26\" data-element_type=\"widget\" data-widget_type=\"text-editor.default\">\n\t\t\t\t<div class=\"elementor-widget-container\">\n\t\t\t\t\t\t\t<h3>\u00d6ffnungszeiten<\/h3><p><em>nur mit Anmeldung<\/em><\/p><p>Freitag, 08.30 &#8211; 11.30 Uhr<\/p><h3>Ort<\/h3><p>Im Garten des Familienzentrums<\/p><h3>Kosten<\/h3><p>Mitglieder: CHF 110.00 pro Monat<br \/>Nichtmitglieder: CHF 125.00 pro Monat<\/p>\t\t\t\t\t\t<\/div>\n\t\t\t\t<\/div>\n\t\t\t\t<div class=\"elementor-element elementor-element-1e2218d elementor-widget elementor-widget-text-editor\" data-id=\"1e2218d\" data-element_type=\"widget\" data-widget_type=\"text-editor.default\">\n\t\t\t\t<div class=\"elementor-widget-container\">\n\t\t\t\t\t\t\t<h3>Leitung<\/h3>\t\t\t\t\t\t<\/div>\n\t\t\t\t<\/div>\n\t\t\t\t<section class=\"elementor-section elementor-inner-section elementor-element elementor-element-7ccc8d9 elementor-section-boxed elementor-section-height-default elementor-section-height-default\" data-id=\"7ccc8d9\" data-element_type=\"section\">\n\t\t\t\t\t\t<div class=\"elementor-container elementor-column-gap-default\">\n\t\t\t\t\t<div class=\"elementor-column elementor-col-100 elementor-inner-column elementor-element elementor-element-87ffb4c\" data-id=\"87ffb4c\" data-element_type=\"column\">\n\t\t\t<div class=\"elementor-widget-wrap elementor-element-populated\">\n\t\t\t\t\t\t<div class=\"elementor-element elementor-element-e899c93 elementor-widget elementor-widget-image\" data-id=\"e899c93\" data-element_type=\"widget\" data-widget_type=\"image.default\">\n\t\t\t\t<div class=\"elementor-widget-container\">\n\t\t\t\t\t\t\t\t\t\t\t\t\t\t<a href=\"https:\/\/familienzentrum-bezirk-affoltern.ch\/wp-content\/uploads\/2023\/09\/Deniz_Candemir-1.jpg\" data-elementor-open-lightbox=\"yes\" data-elementor-lightbox-title=\"Deniz Candemir, Co-Leitung Spielgruppe\" data-elementor-lightbox-description=\"Deniz Candemir, Co-Leitung Spielgruppe Familienzentrum Bezirk Affoltern \" data-e-action-hash=\"#elementor-action%3Aaction%3Dlightbox%26settings%3DeyJpZCI6MjYzNTksInVybCI6Imh0dHBzOlwvXC9yZWN1cnNpbmctbmFzaC4xODUtMTAxLTE1OC0xNzgucGxlc2sucGFnZVwvd3AtY29udGVudFwvdXBsb2Fkc1wvMjAyM1wvMDlcL0Rlbml6X0NhbmRlbWlyLTEuanBnIn0%3D\">\n\t\t\t\t\t\t\t<img fetchpriority=\"high\" decoding=\"async\" width=\"768\" height=\"1367\" src=\"https:\/\/recursing-nash.185-101-158-178.plesk.page\/wp-content\/uploads\/2023\/09\/Deniz_Candemir-1-768x1367.jpg\" class=\"attachment-medium_large size-medium_large wp-image-26359\" alt=\"Deniz Candemir\" srcset=\"https:\/\/recursing-nash.185-101-158-178.plesk.page\/wp-content\/uploads\/2023\/09\/Deniz_Candemir-1-768x1367.jpg 768w, https:\/\/recursing-nash.185-101-158-178.plesk.page\/wp-content\/uploads\/2023\/09\/Deniz_Candemir-1-169x300.jpg 169w, https:\/\/recursing-nash.185-101-158-178.plesk.page\/wp-content\/uploads\/2023\/09\/Deniz_Candemir-1-576x1024.jpg 576w, https:\/\/recursing-nash.185-101-158-178.plesk.page\/wp-content\/uploads\/2023\/09\/Deniz_Candemir-1-863x1536.jpg 863w, https:\/\/recursing-nash.185-101-158-178.plesk.page\/wp-content\/uploads\/2023\/09\/Deniz_Candemir-1.jpg 1151w\" sizes=\"(max-width: 768px) 100vw, 768px\" \/>\t\t\t\t\t\t\t\t<\/a>\n\t\t\t\t\t\t\t\t\t\t\t\t\t<\/div>\n\t\t\t\t<\/div>\n\t\t\t\t<div class=\"elementor-element elementor-element-4e17e54 elementor-widget elementor-widget-text-editor\" data-id=\"4e17e54\" data-element_type=\"widget\" data-widget_type=\"text-editor.default\">\n\t\t\t\t<div class=\"elementor-widget-container\">\n\t\t\t\t\t\t\t<h4>Deniz Candemir<\/h4>\t\t\t\t\t\t<\/div>\n\t\t\t\t<\/div>\n\t\t\t\t\t<\/div>\n\t\t<\/div>\n\t\t\t\t\t<\/div>\n\t\t<\/section>\n\t\t\t\t<div class=\"elementor-element elementor-element-b3a05e5 elementor-widget elementor-widget-text-editor\" data-id=\"b3a05e5\" data-element_type=\"widget\" data-widget_type=\"text-editor.default\">\n\t\t\t\t<div class=\"elementor-widget-container\">\n\t\t\t\t\t\t\t<h3>Info anfordern<\/h3>\t\t\t\t\t\t<\/div>\n\t\t\t\t<\/div>\n\t\t\t\t<div class=\"elementor-element elementor-element-43aeb493 elementor-icon-list--layout-traditional elementor-list-item-link-full_width elementor-widget elementor-widget-icon-list\" data-id=\"43aeb493\" data-element_type=\"widget\" data-widget_type=\"icon-list.default\">\n\t\t\t\t<div class=\"elementor-widget-container\">\n\t\t\t\t\t<ul class=\"elementor-icon-list-items\">\n\t\t\t\t\t\t\t<li class=\"elementor-icon-list-item\">\n\t\t\t\t\t\t\t\t\t\t\t<a href=\"tel:044%20760%2012%2077\">\n\n\t\t\t\t\t\t\t\t\t\t\t\t<span class=\"elementor-icon-list-icon\">\n\t\t\t\t\t\t\t<svg aria-hidden=\"true\" class=\"e-font-icon-svg e-fas-mobile-alt\" viewBox=\"0 0 320 512\" xmlns=\"http:\/\/www.w3.org\/2000\/svg\"><path d=\"M272 0H48C21.5 0 0 21.5 0 48v416c0 26.5 21.5 48 48 48h224c26.5 0 48-21.5 48-48V48c0-26.5-21.5-48-48-48zM160 480c-17.7 0-32-14.3-32-32s14.3-32 32-32 32 14.3 32 32-14.3 32-32 32zm112-108c0 6.6-5.4 12-12 12H60c-6.6 0-12-5.4-12-12V60c0-6.6 5.4-12 12-12h200c6.6 0 12 5.4 12 12v312z\"><\/path><\/svg>\t\t\t\t\t\t<\/span>\n\t\t\t\t\t\t\t\t\t\t<span class=\"elementor-icon-list-text\">044 760 12 77<\/span>\n\t\t\t\t\t\t\t\t\t\t\t<\/a>\n\t\t\t\t\t\t\t\t\t<\/li>\n\t\t\t\t\t\t\t\t<li class=\"elementor-icon-list-item\">\n\t\t\t\t\t\t\t\t\t\t\t<a href=\"mailto:betreuung@familienzentrum-bezirk-affoltern.ch\">\n\n\t\t\t\t\t\t\t\t\t\t\t\t<span class=\"elementor-icon-list-icon\">\n\t\t\t\t\t\t\t<svg aria-hidden=\"true\" class=\"e-font-icon-svg e-far-envelope\" viewBox=\"0 0 512 512\" xmlns=\"http:\/\/www.w3.org\/2000\/svg\"><path d=\"M464 64H48C21.49 64 0 85.49 0 112v288c0 26.51 21.49 48 48 48h416c26.51 0 48-21.49 48-48V112c0-26.51-21.49-48-48-48zm0 48v40.805c-22.422 18.259-58.168 46.651-134.587 106.49-16.841 13.247-50.201 45.072-73.413 44.701-23.208.375-56.579-31.459-73.413-44.701C106.18 199.465 70.425 171.067 48 152.805V112h416zM48 400V214.398c22.914 18.251 55.409 43.862 104.938 82.646 21.857 17.205 60.134 55.186 103.062 54.955 42.717.231 80.509-37.199 103.053-54.947 49.528-38.783 82.032-64.401 104.947-82.653V400H48z\"><\/path><\/svg>\t\t\t\t\t\t<\/span>\n\t\t\t\t\t\t\t\t\t\t<span class=\"elementor-icon-list-text\">betreuung@familienzentrum-bezirk-affoltern.ch<\/span>\n\t\t\t\t\t\t\t\t\t\t\t<\/a>\n\t\t\t\t\t\t\t\t\t<\/li>\n\t\t\t\t\t\t<\/ul>\n\t\t\t\t<\/div>\n\t\t\t\t<\/div>\n\t\t\t\t\t<\/div>\n\t\t<\/div>\n\t\t\t\t\t<\/div>\n\t\t<\/section>\n\t\t\t\t<\/div>\n\t\t","protected":false},"excerpt":{"rendered":"<p>In der Gartenspielgruppe VIVA verbringen die Kinder ab 2 1\u20442 Jahren den ganzen Morgen draussen in unserem Garten und lernen im spielerischen Rahmen zu s\u00e4en, zu ernten und den Umgang mit Gartenger\u00e4ten. Zus\u00e4tzlich gestalten die Kinder viele wundervolle Sachen aus Naturmaterialien. Beim Feuer wird gemeinsam gekocht und gebraut. [smartslider3 slider=&#8220;14&#8243;] Die Kinder lernen ihren Platz [&hellip;]<\/p>\n","protected":false},"author":1,"featured_media":23789,"parent":21,"menu_order":33,"comment_status":"closed","ping_status":"closed","template":"","meta":{"footnotes":""},"class_list":["post-25178","page","type-page","status-publish","has-post-thumbnail","hentry"],"_links":{"self":[{"href":"https:\/\/recursing-nash.185-101-158-178.plesk.page\/index.php\/wp-json\/wp\/v2\/pages\/25178","targetHints":{"allow":["GET"]}}],"collection":[{"href":"https:\/\/recursing-nash.185-101-158-178.plesk.page\/index.php\/wp-json\/wp\/v2\/pages"}],"about":[{"href":"https:\/\/recursing-nash.185-101-158-178.plesk.page\/index.php\/wp-json\/wp\/v2\/types\/page"}],"author":[{"embeddable":true,"href":"https:\/\/recursing-nash.185-101-158-178.plesk.page\/index.php\/wp-json\/wp\/v2\/users\/1"}],"replies":[{"embeddable":true,"href":"https:\/\/recursing-nash.185-101-158-178.plesk.page\/index.php\/wp-json\/wp\/v2\/comments?post=25178"}],"version-history":[{"count":0,"href":"https:\/\/recursing-nash.185-101-158-178.plesk.page\/index.php\/wp-json\/wp\/v2\/pages\/25178\/revisions"}],"up":[{"embeddable":true,"href":"https:\/\/recursing-nash.185-101-158-178.plesk.page\/index.php\/wp-json\/wp\/v2\/pages\/21"}],"wp:featuredmedia":[{"embeddable":true,"href":"https:\/\/recursing-nash.185-101-158-178.plesk.page\/index.php\/wp-json\/wp\/v2\/media\/23789"}],"wp:attachment":[{"href":"https:\/\/recursing-nash.185-101-158-178.plesk.page\/index.php\/wp-json\/wp\/v2\/media?parent=25178"}],"curies":[{"name":"wp","href":"https:\/\/api.w.org\/{rel}","templated":true}]}}

<div data-elementor-type="wp-page" data-elementor-id="25178" class="elementor elementor-25178">
						<section class="elementor-section elementor-top-section elementor-element elementor-element-4c010f85 elementor-section-boxed elementor-section-height-default elementor-section-height-default" data-id="4c010f85" data-element_type="section">
						<div class="elementor-container elementor-column-gap-default">
					<div class="elementor-column elementor-col-66 elementor-top-column elementor-element elementor-element-43785e30" data-id="43785e30" data-element_type="column">
			<div class="elementor-widget-wrap elementor-element-populated">
						<div class="elementor-element elementor-element-4312411b elementor-widget elementor-widget-text-editor" data-id="4312411b" data-element_type="widget" data-widget_type="text-editor.default">
				<div class="elementor-widget-container">
							<p>In der <strong>Gartenspielgruppe <span style="color: #afc32c;">V</span><span style="color: #c10075;">I</span><span style="color: #afc32c;">V</span></strong><span style="color: #d3781d;"><span style="font-weight: 600;"><strong>A</strong> </span></span>verbringen die Kinder ab 2 1⁄2 Jahren den ganzen Morgen draussen in unserem Garten und lernen im spielerischen Rahmen zu säen, zu ernten und den Umgang mit Gartengeräten. Zusätzlich gestalten die Kinder viele wundervolle Sachen aus Naturmaterialien. Beim Feuer wird gemeinsam gekocht und gebraut.</p>						</div>
				</div>
				<div class="elementor-element elementor-element-4c3dbfdd elementor-widget elementor-widget-shortcode" data-id="4c3dbfdd" data-element_type="widget" data-widget_type="shortcode.default">
				<div class="elementor-widget-container">
					<div class="elementor-shortcode">[smartslider3 slider="14"]</div>
				</div>
				</div>
				<div class="elementor-element elementor-element-56e844e0 elementor-widget elementor-widget-spacer" data-id="56e844e0" data-element_type="widget" data-widget_type="spacer.default">
				<div class="elementor-widget-container">
					<div class="elementor-spacer">
			<div class="elementor-spacer-inner"></div>
		</div>
				</div>
				</div>
				<div class="elementor-element elementor-element-6931b1e8 elementor-widget elementor-widget-text-editor" data-id="6931b1e8" data-element_type="widget" data-widget_type="text-editor.default">
				<div class="elementor-widget-container">
							<p>Die Kinder lernen ihren Platz in einer Gruppe zu finden und mit Gleichaltrigen zu spielen, basteln, toben, streiten, lachen und singen.</p><p>Dabei werden sie liebevoll von unseren erfahrenen Spielgruppenleiterinnen unterstützt und begleitet. </p><p>Alle Leiterinnen verfügen über eine abgeschlossene und anerkannte Spielgruppen-Ausbildung und konnten schon Erfahrung in Arbeit mit Kleinkindern sammeln.</p>						</div>
				</div>
					</div>
		</div>
				<div class="elementor-column elementor-col-33 elementor-top-column elementor-element elementor-element-3b33b759" data-id="3b33b759" data-element_type="column" data-settings="{&quot;background_background&quot;:&quot;classic&quot;}">
			<div class="elementor-widget-wrap elementor-element-populated">
						<div class="elementor-element elementor-element-768add26 elementor-widget elementor-widget-text-editor" data-id="768add26" data-element_type="widget" data-widget_type="text-editor.default">
				<div class="elementor-widget-container">
							<h3>Öffnungszeiten</h3><p><em>nur mit Anmeldung</em></p><p>Freitag, 08.30 &#8211; 11.30 Uhr</p><h3>Ort</h3><p>Im Garten des Familienzentrums</p><h3>Kosten</h3><p>Mitglieder: CHF 110.00 pro Monat<br />Nichtmitglieder: CHF 125.00 pro Monat</p>						</div>
				</div>
				<div class="elementor-element elementor-element-1e2218d elementor-widget elementor-widget-text-editor" data-id="1e2218d" data-element_type="widget" data-widget_type="text-editor.default">
				<div class="elementor-widget-container">
							<h3>Leitung</h3>						</div>
				</div>
				<section class="elementor-section elementor-inner-section elementor-element elementor-element-7ccc8d9 elementor-section-boxed elementor-section-height-default elementor-section-height-default" data-id="7ccc8d9" data-element_type="section">
						<div class="elementor-container elementor-column-gap-default">
					<div class="elementor-column elementor-col-100 elementor-inner-column elementor-element elementor-element-87ffb4c" data-id="87ffb4c" data-element_type="column">
			<div class="elementor-widget-wrap elementor-element-populated">
						<div class="elementor-element elementor-element-e899c93 elementor-widget elementor-widget-image" data-id="e899c93" data-element_type="widget" data-widget_type="image.default">
				<div class="elementor-widget-container">
														<a href="https://familienzentrum-bezirk-affoltern.ch/wp-content/uploads/2023/09/Deniz_Candemir-1.jpg" data-elementor-open-lightbox="yes" data-elementor-lightbox-title="Deniz Candemir, Co-Leitung Spielgruppe" data-elementor-lightbox-description="Deniz Candemir, Co-Leitung Spielgruppe Familienzentrum Bezirk Affoltern " data-e-action-hash="#elementor-action%3Aaction%3Dlightbox%26settings%3DeyJpZCI6MjYzNTksInVybCI6Imh0dHBzOlwvXC9yZWN1cnNpbmctbmFzaC4xODUtMTAxLTE1OC0xNzgucGxlc2sucGFnZVwvd3AtY29udGVudFwvdXBsb2Fkc1wvMjAyM1wvMDlcL0Rlbml6X0NhbmRlbWlyLTEuanBnIn0%3D">
							<img fetchpriority="high" decoding="async" width="768" height="1367" src="https://recursing-nash.185-101-158-178.plesk.page/wp-content/uploads/2023/09/Deniz_Candemir-1-768x1367.jpg" class="attachment-medium_large size-medium_large wp-image-26359" alt="Deniz Candemir" srcset="https://recursing-nash.185-101-158-178.plesk.page/wp-content/uploads/2023/09/Deniz_Candemir-1-768x1367.jpg 768w, https://recursing-nash.185-101-158-178.plesk.page/wp-content/uploads/2023/09/Deniz_Candemir-1-169x300.jpg 169w, https://recursing-nash.185-101-158-178.plesk.page/wp-content/uploads/2023/09/Deniz_Candemir-1-576x1024.jpg 576w, https://recursing-nash.185-101-158-178.plesk.page/wp-content/uploads/2023/09/Deniz_Candemir-1-863x1536.jpg 863w, https://recursing-nash.185-101-158-178.plesk.page/wp-content/uploads/2023/09/Deniz_Candemir-1.jpg 1151w" sizes="(max-width: 768px) 100vw, 768px" />								</a>
													</div>
				</div>
				<div class="elementor-element elementor-element-4e17e54 elementor-widget elementor-widget-text-editor" data-id="4e17e54" data-element_type="widget" data-widget_type="text-editor.default">
				<div class="elementor-widget-container">
							<h4>Deniz Candemir</h4>						</div>
				</div>
					</div>
		</div>
					</div>
		</section>
				<div class="elementor-element elementor-element-b3a05e5 elementor-widget elementor-widget-text-editor" data-id="b3a05e5" data-element_type="widget" data-widget_type="text-editor.default">
				<div class="elementor-widget-container">
							<h3>Info anfordern</h3>						</div>
				</div>
				<div class="elementor-element elementor-element-43aeb493 elementor-icon-list--layout-traditional elementor-list-item-link-full_width elementor-widget elementor-widget-icon-list" data-id="43aeb493" data-element_type="widget" data-widget_type="icon-list.default">
				<div class="elementor-widget-container">
					<ul class="elementor-icon-list-items">
							<li class="elementor-icon-list-item">
											<a href="tel:044%20760%2012%2077">

												<span class="elementor-icon-list-icon">
							<svg aria-hidden="true" class="e-font-icon-svg e-fas-mobile-alt" viewBox="0 0 320 512" xmlns="http://www.w3.org/2000/svg"><path d="M272 0H48C21.5 0 0 21.5 0 48v416c0 26.5 21.5 48 48 48h224c26.5 0 48-21.5 48-48V48c0-26.5-21.5-48-48-48zM160 480c-17.7 0-32-14.3-32-32s14.3-32 32-32 32 14.3 32 32-14.3 32-32 32zm112-108c0 6.6-5.4 12-12 12H60c-6.6 0-12-5.4-12-12V60c0-6.6 5.4-12 12-12h200c6.6 0 12 5.4 12 12v312z"></path></svg>						</span>
										<span class="elementor-icon-list-text">044 760 12 77</span>
											</a>
									</li>
								<li class="elementor-icon-list-item">
											<a href="mailto:betreuung@familienzentrum-bezirk-affoltern.ch">

												<span class="elementor-icon-list-icon">
							<svg aria-hidden="true" class="e-font-icon-svg e-far-envelope" viewBox="0 0 512 512" xmlns="http://www.w3.org/2000/svg"><path d="M464 64H48C21.49 64 0 85.49 0 112v288c0 26.51 21.49 48 48 48h416c26.51 0 48-21.49 48-48V112c0-26.51-21.49-48-48-48zm0 48v40.805c-22.422 18.259-58.168 46.651-134.587 106.49-16.841 13.247-50.201 45.072-73.413 44.701-23.208.375-56.579-31.459-73.413-44.701C106.18 199.465 70.425 171.067 48 152.805V112h416zM48 400V214.398c22.914 18.251 55.409 43.862 104.938 82.646 21.857 17.205 60.134 55.186 103.062 54.955 42.717.231 80.509-37.199 103.053-54.947 49.528-38.783 82.032-64.401 104.947-82.653V400H48z"></path></svg>						</span>
										<span class="elementor-icon-list-text">betreuung@familienzentrum-bezirk-affoltern.ch</span>
											</a>
									</li>
						</ul>
				</div>
				</div>
					</div>
		</div>
					</div>
		</section>
				</div>

<p>In der Gartenspielgruppe VIVA verbringen die Kinder ab 2 1⁄2 Jahren den ganzen Morgen draussen in unserem Garten und lernen im spielerischen Rahmen zu säen, zu ernten und den Umgang mit Gartengeräten. Zusätzlich gestalten die Kinder viele wundervolle Sachen aus Naturmaterialien. Beim Feuer wird gemeinsam gekocht und gebraut. [smartslider3 slider=&#8220;14&#8243;] Die Kinder lernen ihren Platz [&hellip;]</p>
