{"id":5188,"date":"2015-09-08T09:39:41","date_gmt":"2015-09-08T07:39:41","guid":{"rendered":"http:\/\/familienzentrum-bezirk-affoltern.ch\/?page_id=5188"},"modified":"2015-09-08T09:39:41","modified_gmt":"2015-09-08T07:39:41","slug":"unsere-freunde","status":"publish","type":"page","link":"https:\/\/recursing-nash.185-101-158-178.plesk.page\/index.php\/unsere-freunde\/","title":{"rendered":"Unsere Freunde"},"content":{"rendered":"<h2>Spenden<\/h2>\n<p>Helfen auch Sie uns, die Familien im Bezirk stark zu machen und den Fortbestand unserer Angebote trotz Sparmassnahmen der \u00f6ffentlichen Hand f\u00fcr die kommenden Jahre zu sichern. Wir danken Ihnen ganz herzlich!<\/p>\n<p>\t\t\t\t\t\t\t\t\t\t\t\t<img loading=\"lazy\" decoding=\"async\" width=\"768\" height=\"350\" src=\"https:\/\/familienzentrum-bezirk-affoltern.ch\/wp-content\/uploads\/2022\/12\/TWINT_Individueller-Betrag_DE-768x350.png\" alt=\"TWINT_Individueller-Betrag_DE\" loading=\"lazy\" srcset=\"https:\/\/familienzentrum-bezirk-affoltern.ch\/wp-content\/uploads\/2022\/12\/TWINT_Individueller-Betrag_DE-768x350.png 768w, https:\/\/familienzentrum-bezirk-affoltern.ch\/wp-content\/uploads\/2022\/12\/TWINT_Individueller-Betrag_DE-300x137.png 300w, https:\/\/familienzentrum-bezirk-affoltern.ch\/wp-content\/uploads\/2022\/12\/TWINT_Individueller-Betrag_DE-1024x467.png 1024w, https:\/\/familienzentrum-bezirk-affoltern.ch\/wp-content\/uploads\/2022\/12\/TWINT_Individueller-Betrag_DE.png 1087w\" sizes=\"auto, (max-width: 768px) 100vw, 768px\" \/><\/p>\n<h2>Patenschaften und Sponsoren<\/h2>\n<p>Unterst\u00fctzen auch Sie uns mit einer Patenschaft oder als G\u00f6nner. Wir bieten Ihnen daf\u00fcr \u2013 falls gew\u00fcnscht \u2013 Ihre Sichtbarkeit als familienfreundliches, regional engagiertes Unternehmen. Weitere Informationen <a style=\"font-size: 16px;\" href=\"https:\/\/familienzentrum-bezirk-affoltern.ch\/unsere-freunde\/patenschaften\/\">finden Sie unter diesem Link<\/a>. Sehr gerne geben wir weitere Ausk\u00fcnfte, wir sind erreichbar per E-Mail <a style=\"font-size: 16px;\" href=\"mailto:angebote@familienzentrum-bezirk-affoltern.ch\">angebote@familienzentrum-bezirk-affoltern.ch<\/a>.<\/p>\n<p>Wir werden unterst\u00fctzt von:<\/p>\n<h2>Unsere Sponsoren<\/h2>\n<h3>Gold<\/h3>\n<p>\t\t\t\t\t\t\t\t\t\t\t\t\t<a href=\"http:\/\/www.muldenschmid.ch\"><br \/>\n\t\t\t\t\t\t\t<img loading=\"lazy\" decoding=\"async\" width=\"300\" height=\"200\" src=\"https:\/\/familienzentrum-bezirk-affoltern.ch\/wp-content\/uploads\/2019\/02\/muldenschmid-300x200.png\" alt=\"muldenschmid.ch\" loading=\"lazy\" srcset=\"https:\/\/familienzentrum-bezirk-affoltern.ch\/wp-content\/uploads\/2019\/02\/muldenschmid.png 300w, https:\/\/familienzentrum-bezirk-affoltern.ch\/wp-content\/uploads\/2019\/02\/muldenschmid-216x144.png 216w\" sizes=\"auto, (max-width: 300px) 100vw, 300px\" \/>\t\t\t\t\t\t\t\t<\/a><br \/>\n\t\t\t\t\t\t\t\t\t\t\t\t\t<a href=\"http:\/\/www.kinderzahnwelt.ch\" target=\"_blank\" rel=\"noopener\"><br \/>\n\t\t\t\t\t\t\t<img loading=\"lazy\" decoding=\"async\" width=\"300\" height=\"200\" src=\"https:\/\/familienzentrum-bezirk-affoltern.ch\/wp-content\/uploads\/2019\/02\/kinderzahnwelt-300x200.png\" alt=\"kinderzahnwelt.ch\" loading=\"lazy\" srcset=\"https:\/\/familienzentrum-bezirk-affoltern.ch\/wp-content\/uploads\/2019\/02\/kinderzahnwelt.png 300w, https:\/\/familienzentrum-bezirk-affoltern.ch\/wp-content\/uploads\/2019\/02\/kinderzahnwelt-216x144.png 216w\" sizes=\"auto, (max-width: 300px) 100vw, 300px\" \/>\t\t\t\t\t\t\t\t<\/a><br \/>\n\t\t\t\t\t\t\t\t\t\t\t\t\t<a href=\"http:\/\/www.netzprofis.ch\" target=\"_blank\" rel=\"noopener\"><br \/>\n\t\t\t\t\t\t\t<img loading=\"lazy\" decoding=\"async\" width=\"300\" height=\"189\" src=\"https:\/\/familienzentrum-bezirk-affoltern.ch\/wp-content\/uploads\/2022\/04\/Logo-Netzprofis.ch_-e1651383760799-300x189.png\" alt=\"Netzprofis.ch\" loading=\"lazy\" srcset=\"https:\/\/familienzentrum-bezirk-affoltern.ch\/wp-content\/uploads\/2022\/04\/Logo-Netzprofis.ch_-e1651383760799-300x189.png 300w, https:\/\/familienzentrum-bezirk-affoltern.ch\/wp-content\/uploads\/2022\/04\/Logo-Netzprofis.ch_-e1651383760799.png 428w\" sizes=\"auto, (max-width: 300px) 100vw, 300px\" \/>\t\t\t\t\t\t\t\t<\/a><br \/>\n\t\t\t\t\t\t\t\t\t\t\t\t\t<a href=\"https:\/\/www.huberinformatik.ch\" target=\"_blank\" rel=\"noopener\"><br \/>\n\t\t\t\t\t\t\t<img loading=\"lazy\" decoding=\"async\" width=\"300\" height=\"100\" src=\"https:\/\/familienzentrum-bezirk-affoltern.ch\/wp-content\/uploads\/2022\/12\/Huber_IT_transparent.png-300x100.webp\" alt=\"Huber_IT_transparent.png\" loading=\"lazy\" srcset=\"https:\/\/familienzentrum-bezirk-affoltern.ch\/wp-content\/uploads\/2022\/12\/Huber_IT_transparent.png-300x100.webp 300w, https:\/\/familienzentrum-bezirk-affoltern.ch\/wp-content\/uploads\/2022\/12\/Huber_IT_transparent.png.webp 476w\" sizes=\"auto, (max-width: 300px) 100vw, 300px\" \/>\t\t\t\t\t\t\t\t<\/a><\/p>\n<h3>Silber<\/h3>\n<p>Im Moment haben wir keine Sponsoren in dieser Kategorie. Werde einen!<\/p>\n<h3>Bronze<\/h3>\n<p>\t\t\t\t\t\t\t\t\t\t\t\t\t<a href=\"http:\/\/vitalis-apotheke.ch\" target=\"_blank\" rel=\"noopener\"><br \/>\n\t\t\t\t\t\t\t<img loading=\"lazy\" decoding=\"async\" width=\"300\" height=\"200\" src=\"https:\/\/familienzentrum-bezirk-affoltern.ch\/wp-content\/uploads\/2019\/02\/vitalis-300x200.png\" alt=\"vitalis-apotheke.ch\" loading=\"lazy\" srcset=\"https:\/\/familienzentrum-bezirk-affoltern.ch\/wp-content\/uploads\/2019\/02\/vitalis.png 300w, https:\/\/familienzentrum-bezirk-affoltern.ch\/wp-content\/uploads\/2019\/02\/vitalis-216x144.png 216w\" sizes=\"auto, (max-width: 300px) 100vw, 300px\" \/>\t\t\t\t\t\t\t\t<\/a><br \/>\n\t\t\t\t\t\t\t\t\t\t\t\t\t<a href=\"http:\/\/vitalis-apotheke.ch\" target=\"_blank\" rel=\"noopener\"><br \/>\n\t\t\t\t\t\t\t<img loading=\"lazy\" decoding=\"async\" width=\"300\" height=\"200\" src=\"https:\/\/familienzentrum-bezirk-affoltern.ch\/wp-content\/uploads\/2019\/02\/alfilo-banner-300x200.png\" alt=\"akfilo.ch\" loading=\"lazy\" srcset=\"https:\/\/familienzentrum-bezirk-affoltern.ch\/wp-content\/uploads\/2019\/02\/alfilo-banner.png 300w, https:\/\/familienzentrum-bezirk-affoltern.ch\/wp-content\/uploads\/2019\/02\/alfilo-banner-216x144.png 216w\" sizes=\"auto, (max-width: 300px) 100vw, 300px\" \/>\t\t\t\t\t\t\t\t<\/a><br \/>\n\t\t\t\t\t\t\t\t\t\t\t\t\t<a href=\"http:\/\/www.gartencenter-guggi.ch\" target=\"_blank\" rel=\"noopener\"><br \/>\n\t\t\t\t\t\t\t<img loading=\"lazy\" decoding=\"async\" width=\"300\" height=\"200\" src=\"https:\/\/familienzentrum-bezirk-affoltern.ch\/wp-content\/uploads\/2019\/02\/guggi-300x200.png\" alt=\"gartencenter-guggi.ch\" loading=\"lazy\" srcset=\"https:\/\/familienzentrum-bezirk-affoltern.ch\/wp-content\/uploads\/2019\/02\/guggi.png 300w, https:\/\/familienzentrum-bezirk-affoltern.ch\/wp-content\/uploads\/2019\/02\/guggi-216x144.png 216w\" sizes=\"auto, (max-width: 300px) 100vw, 300px\" \/>\t\t\t\t\t\t\t\t<\/a><br \/>\n\t\t\t\t\t\t\t\t\t\t\t\t\t<a href=\"http:\/\/www.schwuemschuel-roeteli.ch\" target=\"_blank\" rel=\"noopener\"><br \/>\n\t\t\t\t\t\t\t<img loading=\"lazy\" decoding=\"async\" width=\"300\" height=\"200\" src=\"https:\/\/familienzentrum-bezirk-affoltern.ch\/wp-content\/uploads\/2019\/02\/sroet-300x200.png\" alt=\"www.schwuemschuel-roeteli.ch\" loading=\"lazy\" srcset=\"https:\/\/familienzentrum-bezirk-affoltern.ch\/wp-content\/uploads\/2019\/02\/sroet.png 300w, https:\/\/familienzentrum-bezirk-affoltern.ch\/wp-content\/uploads\/2019\/02\/sroet-216x144.png 216w\" sizes=\"auto, (max-width: 300px) 100vw, 300px\" \/>\t\t\t\t\t\t\t\t<\/a><br \/>\n\t\t\t\t\t\t\t\t\t\t\t\t\t<a href=\"http:\/\/www.bimbosan.ch\" target=\"_blank\" rel=\"noopener\"><br \/>\n\t\t\t\t\t\t\t<img loading=\"lazy\" decoding=\"async\" width=\"300\" height=\"180\" src=\"https:\/\/familienzentrum-bezirk-affoltern.ch\/wp-content\/uploads\/2020\/05\/bimbosan_logo_claim_de_rgb-300x180.jpg\" alt=\"Bimbosan\" loading=\"lazy\" srcset=\"https:\/\/familienzentrum-bezirk-affoltern.ch\/wp-content\/uploads\/2020\/05\/bimbosan_logo_claim_de_rgb-300x180.jpg 300w, https:\/\/familienzentrum-bezirk-affoltern.ch\/wp-content\/uploads\/2020\/05\/bimbosan_logo_claim_de_rgb-1024x614.jpg 1024w, https:\/\/familienzentrum-bezirk-affoltern.ch\/wp-content\/uploads\/2020\/05\/bimbosan_logo_claim_de_rgb-768x461.jpg 768w, https:\/\/familienzentrum-bezirk-affoltern.ch\/wp-content\/uploads\/2020\/05\/bimbosan_logo_claim_de_rgb-1536x922.jpg 1536w, https:\/\/familienzentrum-bezirk-affoltern.ch\/wp-content\/uploads\/2020\/05\/bimbosan_logo_claim_de_rgb-scaled.jpg 2048w\" sizes=\"auto, (max-width: 300px) 100vw, 300px\" \/>\t\t\t\t\t\t\t\t<\/a><br \/>\n\t\t\t\t\t\t\t\t\t\t\t\t\t<a href=\"https:\/\/finetra.ch\" target=\"_blank\" rel=\"noopener\"><br \/>\n\t\t\t\t\t\t\t<img loading=\"lazy\" decoding=\"async\" width=\"300\" height=\"165\" src=\"https:\/\/familienzentrum-bezirk-affoltern.ch\/wp-content\/uploads\/2022\/12\/Logo-finetra_Pantone_5415-300x165.jpg\" alt=\"Logo Finetra\" loading=\"lazy\" srcset=\"https:\/\/familienzentrum-bezirk-affoltern.ch\/wp-content\/uploads\/2022\/12\/Logo-finetra_Pantone_5415-300x165.jpg 300w, https:\/\/familienzentrum-bezirk-affoltern.ch\/wp-content\/uploads\/2022\/12\/Logo-finetra_Pantone_5415.jpg 701w\" sizes=\"auto, (max-width: 300px) 100vw, 300px\" \/>\t\t\t\t\t\t\t\t<\/a><\/p>\n<h3>Unsere Spender<\/h3>\n<p>OBI Affoltern am Albis<br \/>Katholische Kirche Affoltern am Albis<br \/>Anne-Do Arnold<br \/>K\u00e4ser Druck AG<br \/>BOA B\u00fcchi Optik Affoltern<br \/>Bill &amp; Siegfried Getr\u00e4nke AG<br \/>Restaurant Central<br \/>Reformierte Kirche Stallikon-Wettswil<br \/>Reformierte Kirche Hausen am Albis<br \/>Kasperlib\u00fchne Zipfelm\u00fctze<br \/>Zahnarztpraxis Kalkstein<br \/>Kolb Distribution Ltd.<br \/>SIT Schneebeli Immobilien Treuhand<\/p>\n<h3>Institutionen<\/h3>\n<h5>Gemeinn\u00fctzige Gesellschaft des Bezirks Affoltern<\/h5>\n<p>Die Gesellschaft f\u00f6rdert den Gemeinsinn, das zivilgesellschaftliche Engagement und die Freiwilligenarbeit im Bezirk Affoltern (Knonaueramt).<br \/><a href=\"https:\/\/www.ggaffoltern.ch\/\" target=\"_blank\" rel=\"noopener noreferrer\">www.ggaffoltern.ch<\/a><\/p>\n<p><em>Die GGA stellt sich vor:<\/em> <a href=\"https:\/\/www.youtube.com\/watch?v=X-KXGmLTWHw\" target=\"_blank\" rel=\"noopener noreferrer\">Video-Clip der GGA anzeigen (\u00f6ffnet in separatem Tab\/Fenster)<\/a><\/p>\n<h5>Gemeinden Bezirk Affoltern<\/h5>\n<p><a href=\"http:\/\/www.affoltern-am-albis.ch\/\" target=\"_blank\" rel=\"noopener noreferrer\">Affoltern am Albis<\/a><br \/><a href=\"http:\/\/www.wettswil.ch\/\" target=\"_blank\" rel=\"noopener noreferrer\">Wettswil am Albis<\/a><br \/><a href=\"http:\/\/www.obfelden.ch\/\" target=\"_blank\" rel=\"noopener noreferrer\">Obfelden<\/a><br \/><a href=\"http:\/\/www.stallikon.ch\/\" target=\"_blank\" rel=\"noopener noreferrer\">Stallikon<\/a><br \/><a href=\"http:\/\/www.ottenbach.ch\/\" target=\"_blank\" rel=\"noopener noreferrer\">Ottenbach<\/a><br \/><a href=\"http:\/\/www.hausen.ch\/\" target=\"_blank\" rel=\"noopener noreferrer\">Hausen am Albis<\/a><br \/><a href=\"http:\/\/www.mettmenstetten.ch\/\" target=\"_blank\" rel=\"noopener noreferrer\">Mettmenstetten<\/a><br \/><a href=\"http:\/\/www.aeugst-albis.ch\/\" target=\"_blank\" rel=\"noopener noreferrer\">Augst am Albis<\/a><br \/><a href=\"http:\/\/www.bonstetten.ch\" target=\"_blank\" rel=\"noopener noreferrer\">Bonstetten<\/a><br \/><a href=\"http:\/\/www.maschwanden.ch\" target=\"_blank\" rel=\"noopener noreferrer\">Maschwanden<\/a><br \/><a href=\"https:\/\/www.knonau.ch\">Knonau<\/a><br \/><a href=\"https:\/\/hedingen.ch\/de\/index.php\">Hedingen<\/a><\/p>\n<h5>Suchtpr\u00e4ventionsstelle der Bezirke Affoltern und Dietikon<\/h5>\n<p>Als Anlauf- und Informationsstelle f\u00fcr pr\u00e4ventive Anliegen haben sie den Auftrag die Prim\u00e4rpr\u00e4vention in der Region sicher zu stellen.<br \/><a href=\"http:\/\/www.supad.ch\" target=\"_blank\" rel=\"noopener\">www.supad.ch<\/a><\/p>\n<h5>Amt f\u00fcr Jugend- und Berufsberatung Region S\u00fcd, Kleinkindberatung<\/h5>\n<p>Zusammenarbeit und Unterst\u00fctzung in den Bereichen M\u00fctter- und V\u00e4terberatung, Erziehungsberatung, Gemeinwesenarbeit, Finanzierung.<\/p>\n<p>Im Winkel 2<br \/>8910 Affoltern a. A.<br \/>Tel. 044 762 55 77<br \/><a href=\"http:\/\/www.ajb.zh.ch\" target=\"_blank\" rel=\"noopener\">www.ajb.zh.ch<\/a><\/p>\n<h5>Fachstelle f\u00fcr Integration Kanton Z\u00fcrich<\/h5>\n<p>Neum\u00fchlequai 10<br \/>Postfach <br \/>8090 Z\u00fcrich<br \/>\u00a0<a href=\"tel:+41(0)432592531\"><u>+41 (0)43 259 25 31<br \/><\/u><\/a><a href=\"mailto:integration@ji.zh.ch\">integration@ji.zh.ch<\/a><\/p>\n<h5>Elternbildung<\/h5>\n<p>Die Elternbildung unterst\u00fctzt und begleitet Eltern in ihrer Aufgabe als Erziehende.<br \/><a href=\"http:\/\/www.elternbildung.ch\/\" target=\"_blank\" rel=\"noopener\">www.elternbildung.ch<\/a><\/p>\n<h5>Fachstelle f\u00fcr Integrationsfragen<\/h5>\n<p><a href=\"https:\/\/integration.zh.ch\/\" target=\"_blank\" rel=\"noopener\">www.integration.zh.ch<\/a><\/p>\n<h5>Zusammenarbeit mit Schulen und Vereinen<\/h5>\n<p><a href=\"http:\/\/www.ecap-fondazione.ch\/joomla\/index.php\/de\/\" target=\"_blank\" rel=\"noopener\">ECAP, Erwachsenenbildungs- und Forschungsinstitut<strong><br \/><\/strong><\/a><a href=\"http:\/\/www.psa.ch\" target=\"_blank\" rel=\"noopener\">Primarschule Affoltern am Albis<\/a><br \/><a href=\"http:\/\/www.familienclubaffoltern.ch\" target=\"_blank\" rel=\"noopener\">Familienclub Affoltern am Albis<\/a><br \/>Gemeinschaftszentrum Bauspielplatz, Affoltern am Albis<br \/><a href=\"http:\/\/www.ja-aaa.ch\" target=\"_blank\" rel=\"noopener\">Jugendarbeit Affoltern am Albis<\/a><br \/><a href=\"http:\/\/www.primarobfelden.ch\/\" target=\"_blank\" rel=\"noopener\">Primarschule Obfelden<\/a><br \/><a href=\"http:\/\/www.eltern-mettmenstetten.ch\/\" target=\"_blank\" rel=\"noopener\">Familienverein Mettmenstetten<\/a><br \/><a href=\"http:\/\/www.gruppenkurse.ch\" target=\"_blank\" rel=\"noopener\">Gruppenkurse mit Conny Krummenacher-Wetter<\/a><br \/><a href=\"https:\/\/www.projuventute.ch\/\" target=\"_blank\" rel=\"noopener\">Pro Juventute<\/a> <br \/>Simone Gruen, lic. phil., Erziehungsberaterin AjB<br \/><a href=\"https:\/\/www.integration-hedingen.ch\" target=\"_blank\" rel=\"noopener\">Verein Integration Hedingen<\/a><br \/><a href=\"https:\/\/communitylinks.ch\" target=\"_blank\" rel=\"noopener\">Stiftung Community Links<\/a><br \/><a href=\"https:\/\/wunderfitzundredeblitz.ch\">Wunderfitz und Redeblitz<\/a><\/p>\n<p><a href=\"http:\/\/www.babysits.ch\" target=\"_blank\" rel=\"noopener\">Babysits<\/a><br \/>Babysitter Plattform im Deutschsprachigen Raum<\/p>\n","protected":false},"excerpt":{"rendered":"<p>Spenden Helfen auch Sie uns, die Familien im Bezirk stark zu machen und den Fortbestand unserer Angebote trotz Sparmassnahmen der \u00f6ffentlichen Hand f\u00fcr die kommenden Jahre zu sichern. Wir danken Ihnen ganz herzlich! Patenschaften und Sponsoren Unterst\u00fctzen auch Sie uns mit einer Patenschaft oder als G\u00f6nner. Wir bieten Ihnen daf\u00fcr \u2013 falls gew\u00fcnscht \u2013 Ihre [&hellip;]<\/p>\n","protected":false},"author":1,"featured_media":0,"parent":0,"menu_order":53,"comment_status":"closed","ping_status":"closed","template":"","meta":{"footnotes":""},"class_list":["post-5188","page","type-page","status-publish","hentry"],"_links":{"self":[{"href":"https:\/\/recursing-nash.185-101-158-178.plesk.page\/index.php\/wp-json\/wp\/v2\/pages\/5188","targetHints":{"allow":["GET"]}}],"collection":[{"href":"https:\/\/recursing-nash.185-101-158-178.plesk.page\/index.php\/wp-json\/wp\/v2\/pages"}],"about":[{"href":"https:\/\/recursing-nash.185-101-158-178.plesk.page\/index.php\/wp-json\/wp\/v2\/types\/page"}],"author":[{"embeddable":true,"href":"https:\/\/recursing-nash.185-101-158-178.plesk.page\/index.php\/wp-json\/wp\/v2\/users\/1"}],"replies":[{"embeddable":true,"href":"https:\/\/recursing-nash.185-101-158-178.plesk.page\/index.php\/wp-json\/wp\/v2\/comments?post=5188"}],"version-history":[{"count":0,"href":"https:\/\/recursing-nash.185-101-158-178.plesk.page\/index.php\/wp-json\/wp\/v2\/pages\/5188\/revisions"}],"wp:attachment":[{"href":"https:\/\/recursing-nash.185-101-158-178.plesk.page\/index.php\/wp-json\/wp\/v2\/media?parent=5188"}],"curies":[{"name":"wp","href":"https:\/\/api.w.org\/{rel}","templated":true}]}}